n 258 is divided by 214?
44
What is the remainder when 16 is divided by 7?
2
Calculate the remainder when 1373 is divided by 58.
39
Calculate the remainder when 46 is divided by 32.
14
Calculate the remainder when 2724 is divided by 182.
176
Calculate the remainder when 595 is divided by 121.
111
What is the remainder when 1525 is divided by 6?
1
What is the remainder when 7146 is divided by 50?
46
Calculate the remainder when 643 is divided by 642.
1
What is the remainder when 327 is divided by 41?
40
What is the remainder when 2878 is divided by 48?
46
What is the remainder when 4294 is divided by 25?
19
What is the remainder when 578 is divided by 116?
114
Calculate the remainder when 83 is divided by 51.
32
What is the remainder when 252 is divided by 59?
16
What is the remainder when 866 is divided by 21?
5
What is the remainder when 38 is divided by 4?
2
Calculate the remainder when 716 is divided by 8.
4
What is the remainder when 47 is divided by 20?
7
Calculate the remainder when 118 is divided by 30.
28
What is the remainder when 671 is divided by 28?
27
Calculate the remainder when 137 is divided by 5.
2
What is the remainder when 388 is divided by 26?
24
Calculate the remainder when 208 is divided by 11.
10
What is the remainder when 157 is divided by 40?
37
Calculate the remainder when 198 is divided by 85.
28
Calculate the remainder when 810 is divided by 116.
114
Calculate the remainder when 627 is divided by 19.
0
Calculate the remainder when 1555 is divided by 26.
21
What is the remainder when 507 is divided by 130?
117
What is the remainder when 18508 is divided by 23?
16
What is the remainder when 1347 is divided by 663?
21
Calculate the remainder when 31 is divided by 5.
1
What is the remainder when 126 is divided by 39?
9
Calculate the remainder when 2202 is divided by 246.
234
Calculate the remainder when 1049 is divided by 20.
9
What is the remainder when 6793 is divided by 79?
78
What is the remainder when 191 is divided by 32?
31
Calculate the remainder when 147 is divided by 10.
7
What is the remainder when 1003 is divided by 78?
67
What is the remainder when 710 is divided by 9?
8
Calculate the remainder when 8 is divided by 5.
3
Calculate the remainder when 2510 is divided by 829.
23
What is the remainder when 188 is divided by 15?
8
Calculate the remainder when 240 is divided by 44.
20
What is the remainder when 127 is divided by 43?
41
Calculate the remainder when 9391 is divided by 61.
58
What is the remainder when 727 is divided by 91?
90
Calculate the remainder when 3497 is divided by 113.
107
Calculate the remainder when 213 is divided by 156.
57
What is the remainder when 5261 is divided by 81?
77
Calculate the remainder when 725 is divided by 28.
25
Calculate the remainder when 193 is divided by 42.
25
Calculate the remainder when 8983 is divided by 101.
95
What is the remainder when 137 is divided by 33?
5
Calculate the remainder when 1456 is divided by 68.
28
Calculate the remainder when 764 is divided by 12.
8
What is the remainder when 199 is divided by 101?
98
Calculate the remainder when 621 is divided by 89.
87
Calculate the remainder when 4225 is divided by 5.
0
Calculate the remainder when 965 is divided by 88.
85
Calculate the remainder when 291 is divided by 6.
3
Calculate the remainder when 442 is divided by 7.
1
What is the remainder when 1008 is divided by 44?
40
What is the remainder when 1835 is divided by 39?
2
What is the remainder when 1364 is divided by 65?
64
What is the remainder when 9917 is divided by 124?
121
What is the remainder when 161 is divided by 147?
14
Calculate the remainder when 1290 is divided by 59.
51
Calculate the remainder when 1156 is divided by 165.
1
What is the remainder when 213 is divided by 64?
21
What is the remainder when 501 is divided by 63?
60
What is the remainder when 431 is divided by 298?
133
Calculate the remainder when 4273 is divided by 23.
18
Calculate the remainder when 245 is divided by 28.
21
What is the remainder when 33 is divided by 16?
1
Calculate the remainder when 363 is divided by 168.
27
Calculate the remainder when 220 is divided by 48.
28
Calculate the remainder when 82 is divided by 31.
20
What is the remainder when 2674 is divided by 78?
22
Calculate the remainder when 255 is divided by 65.
60
What is the remainder when 190 is divided by 49?
43
Calculate the remainder when 232 is divided by 59.
55
Calculate the remainder when 1042 is divided by 49.
13
What is the remainder when 257 is divided by 114?
29
Calculate the remainder when 81 is divided by 25.
6
What is the remainder when 194 is divided by 15?
14
What is the remainder when 30 is divided by 1?
0
What is the remainder when 395 is divided by 61?
29
Calculate the remainder when 459 is divided by 62.
25
Calculate the remainder when 2089 is divided by 193.
159
Calculate the remainder when 13885 is divided by 6939.
7
Calculate the remainder when 4958 is divided by 68.
62
What is the remainder when 258 is divided by 9?
6
What is the remainder when 1698 is divided by 85?
83
What is the remainder when 2334 is divided by 19?
16
What is the remainder when 63 is divided by 8?
7
What is the remainder when 178 is divided by 70?
38
What is the remainder when 177 is divided by 23?
16
What is the remainder when 645 is divided by 292?
61
What is the remainder when 23469 is divided by 72?
69
Calculate the remainder when 220 is divided by 50.
20
What is the remainder when 768 is divided by 77?
75
Calculate the remainder when 1054 is divided by 103.
24
Calculate the remainder when 566 is divided by 44.
38
Calculate the remainder when 239 is divided by 109.
21
What is the remainder when 39 is divided by 25?
14
What is the remainder when 1256 is divided by 20?
16
What is the remainder when 77 is divided by 63?
14
Calculate the remainder when 9631 is divided by 14.
13
Calculate the remainder when 78 is divided by 8.
6
Calculate the remainder when 322 is divided by 154.
14
Calculate the remainder when 275 is divided by 20.
15
What is the remainder when 191 is divided by 33?
26
What is the remainder when 152 is divided by 39?
35
Calculate the remainder when 67 is divided by 14.
11
Calculate the remainder when 667 is divided by 115.
92
What is the remainder when 172 is divided by 44?
40
What is the remainder when 326 is divided by 39?
14
What is the remainder when 233 is divided by 84?
65
What is the remainder when 19593 is divided by 41?
36
Calculate the remainder when 83 is divided by 58.
25
What is the remainder when 554 is divided by 72?
50
What is the remainder when 82 is divided by 35?
12
What is the remainder when 766 is divided by 64?
62
What is the remainder when 336 is divided by 34?
30
Calculate the remainder when 837 is divided by 24.
21
What is the remainder when 633 is divided by 128?
121
What is the remainder when 762 is divided by 109?
108
Calculate the remainder when 159 is divided by 45.
24
What is the remainder when 39 is divided by 12?
3
What is the remainder when 113 is divided by 19?
18
Calculate the remainder when 9 is divided by 2.
1
Calculate the remainder when 61 is divided by 13.
9
What is the remainder when 459 is divided by 117?
108
What is the remainder when 265 is divided by 76?
37
What is the remainder when 10546 is divided by 25?
21
What is the remainder when 613 is divided by 152?
5
Calculate the remainder when 520 is divided by 75.
70
What is the remainder when 234 is divided by 48?
42
Calculate the remainder when 366 is divided by 23.
21
Calculate the remainder when 24 is divided by 1.
0
Calculate the remainder when 3274 is divided by 272.
10
Calculate the remainder when 88 is divided by 11.
0
Calculate the remainder when 23563 is divided by 86.
85
Calculate the remainder when 483 is divided by 22.
21
Calculate the remainder when 181 is divided by 175.
6
Calculate the remainder when 19577 is divided by 356.
353
What is the remainder when 560 is divided by 64?
48
What is the remainder when 444 is divided by 247?
197
What is the remainder when 142 is divided by 48?
46
What is the remainder when 893 is divided by 295?
8
Calculate the remainder when 2880 is divided by 206.
202
Calculate the remainder when 144 is divided by 30.
24
What is the remainder when 462 is di